{"id":53,"date":"2016-02-28T16:36:17","date_gmt":"2016-02-28T15:36:17","guid":{"rendered":"http:\/\/www.kosmetika-pedikura.cz\/kosmetika\/?page_id=53"},"modified":"2026-02-01T14:23:28","modified_gmt":"2026-02-01T13:23:28","slug":"pece-o-plet","status":"publish","type":"page","link":"http:\/\/www.kosmetika-pedikura.cz\/kosmetika\/","title":{"rendered":"P\u00e9\u010de o ple\u0165"},"content":{"rendered":"<p>Barvou roku <strong>2026 <\/strong>je Cloud Dancer- jemn\u00fd, vzdu\u0161n\u00fd odst\u00edn b\u00edl\u00e9. Tento odst\u00edn je symbol klidu, jasnosti a nov\u00fdch za\u010d\u00e1tk\u016f.<\/p>\n<h4>Co \u0161kod\u00ed k\u016f\u017ei nejv\u00edce?<\/h4>\n\n\n<ol>\n<li>nedostatek sp\u00e1nku= \u0161patn\u00e1 regenerace= za\u0161edl\u00e1 k\u016f\u017ee bez jasu<\/li>\n\n\n\n<li>nedostatek kysl\u00edku= m\u00e1lo energie pro bu\u0148ky= bled\u00e1 k\u016f\u017ee<\/li>\n\n\n\n<li>kou\u0159en\u00ed= zpomalen\u00ed detoxikace k\u016f\u017ee= za\u0161edl\u00e1 a p\u00f3rovit\u00e1 k\u016f\u017ee s hlubok\u00fdmi vr\u00e1skami<\/li>\n\n\n\n<li>\u0161patn\u00e9 vyprazd\u0148ov\u00e1n\u00ed= hrub\u00e1, ne\u010dist\u00e1 a zan\u00edcen\u00e1 k\u016f\u017ee<\/li>\n\n\n\n<li>\u0161patn\u00e9 stravov\u00e1n\u00ed= nedostatek miner\u00e1l\u016f a vitam\u00edn\u016f, no\u010dn\u00ed tr\u00e1ven\u00ed= z\u00e1n\u011btliv\u00e9 pup\u00ednky na obli\u010deji, krku a dekoltu<\/li>\n\n\n\n<li>nedostatek tekutin= bu\u0148ky trp\u00ed nedostatkem energie= dehydratace<\/li>\n\n\n\n<li>napa\u0159ov\u00e1n\u00ed= dr\u00e1\u017ed\u011bn\u00ed k\u016f\u017ee, roz\u0161\u00ed\u0159en\u00e9 p\u00f3ry, roz\u0161\u00ed\u0159en\u00e9 \u017eilky<\/li>\n\n\n\n<li>nedostatek pohybu= m\u00e1lo kysl\u00edku= nedostate\u010dn\u00e1 regenerace<\/li>\n\n\n\n<li>nevhodn\u00e9 kosmetick\u00e9 p\u0159\u00edpravky= naru\u0161en\u00ed hydrolipidov\u00e9ho filmu= k\u016f\u017ee je citliv\u00e1 a podr\u00e1\u017ed\u011bn\u00e1<\/li>\n\n\n\n<li>nevhodn\u00e9 o\u0161et\u0159ov\u00e1n\u00ed= spr\u00e1vn\u011b ne\u010distit, netonizovat a \u0161patn\u011b volit aktivn\u00ed l\u00e1tky<\/li>\n\n\n\n<li>nadm\u011brn\u00e9 slun\u011bn\u00ed= vr\u00e1sky, pigmentov\u00e9 skvrny a ztr\u00e1ta elasticity<\/li>\n<\/ol>\n\n\n<h4 style=\"text-align: left;\">Kosmetick\u00e9 o\u0161et\u0159en\u00ed pleti &#8211; Hradec Kr\u00e1lov\u00e9<\/h4>\n<p>Dejte sv\u00e9 \u017e\u00edzniv\u00e9 pleti pot\u0159ebnou hydrataci, unaven\u00e9 poko\u017ece kysl\u00edk a nastartujte p\u0159irozenou funkci obnovy poko\u017eky,\u00a0 a t\u00edm zlep\u0161\u00edte jej\u00ed elasticitu. Poko\u017eka je vl\u00e1\u010dn\u011bj\u0161\u00ed a hedv\u00e1bn\u011b jemn\u00e1. Pom\u016f\u017eu v\u00e1m potla\u010dit zn\u00e1mky st\u00e1rnut\u00ed a z\u00edskat mladistv\u011bj\u0161\u00ed vzhled. Nab\u00edz\u00edm v\u00e1m kosmetick\u00e9 o\u0161et\u0159en\u00ed pomoc\u00ed p\u0159\u00edpravk\u016f <strong>Dr. Hauschka<\/strong> a <strong>Janssen Cosmetics<\/strong>.<\/p>\n<p><strong>B\u011bhem o\u0161et\u0159en\u00ed pou\u017e\u00edv\u00e1m p\u0159\u00edstroj OZONIZ\u00c9R,<\/strong> kter\u00fd p\u016fsob\u00ed siln\u011b protiz\u00e1n\u011btliv\u011b a regenera\u010dn\u011b<\/p>\n<p>\u00a0<\/p>\n<h4>Pro\u010d nav\u0161t\u011bvovat kosmetick\u00e9 studio?<\/h4>\n<p>1. Vy\u010di\u0161t\u011bn\u00ed, vy\u017eiven\u00ed a omlazen\u00ed pleti.<br \/>2. Nau\u010d\u00edte se spr\u00e1vn\u011b pe\u010dovat o svoji ple\u0165.<br \/>3. Relaxace a na\u010derp\u00e1n\u00ed sil.<br \/>4. Je to ta p\u0159\u00edjemn\u011bj\u0161\u00ed \u010d\u00e1st \u017eenstv\u00ed.<\/p>\n<h2>Kosmetika Dr. Hauschka\u00a0\u00a0\u00a0\u00a0<img decoding=\"async\" loading=\"lazy\" class=\"alignright wp-image-71 size-full\" src=\"http:\/\/www.kosmetika-pedikura.cz\/kosmetika\/wp-content\/uploads\/2016\/02\/hauschka.gif\" alt=\"hauschka\" width=\"150\" height=\"83\" \/><\/h2>\n<p>Princip na\u0161\u00ed p\u00e9\u010de je zalo\u017een na porozum\u011bn\u00ed individu\u00e1ln\u00edm po\u017eadavk\u016fm pleti a dosa\u017een\u00ed jej\u00ed trval\u00e9 kr\u00e1sy. Pokud se budete c\u00edtit ve sv\u00e9 k\u016f\u017ei dob\u0159e, bude i va\u0161e poko\u017eka zdrav\u00e1 a kr\u00e1sn\u00e1.<br \/>Kosmetika Dr. Hauschka podporuje p\u0159irozen\u00e9 funkce a tak logicky neobsahuje jak\u00e9koliv syntetick\u00e9 konzerva\u010dn\u00ed, barv\u00edc\u00ed \u010di vonn\u00e9 l\u00e1tky.<br \/>Suroviny poch\u00e1zej\u00ed z vlastn\u00edho <strong>biodynamick\u00e9ho zem\u011bd\u011blstv\u00ed<\/strong>.<br \/>V\u00fdta\u017eky z rostlin se z\u00edsk\u00e1vaj\u00ed metodou <strong>rytmizuj\u00edc\u00edch proces\u016f<\/strong>.<br \/>V\u0161echny p\u0159\u00edpravky Dr. Hauschka nesou certifikaci <strong>BDIH<\/strong> &#8222;kontrolovan\u00e1 p\u0159\u00edrodn\u00ed kosmetika&#8220;, <strong>Demeter<\/strong> a <strong>NATRUE<\/strong>.<\/p>\n<p><img decoding=\"async\" loading=\"lazy\" class=\"size-full wp-image-195 alignleft\" src=\"http:\/\/www.kosmetika-pedikura.cz\/kosmetika\/wp-content\/uploads\/2016\/05\/Emo_Packshot_Foundation_2015_Internet.jpg\" alt=\"Dr.Hauschka decorate cosmetic; Dr.Hauschka Dekorative Kosmetik\" width=\"233\" height=\"299\" srcset=\"http:\/\/www.kosmetika-pedikura.cz\/kosmetika\/wp-content\/uploads\/2016\/05\/Emo_Packshot_Foundation_2015_Internet.jpg 233w, http:\/\/www.kosmetika-pedikura.cz\/kosmetika\/wp-content\/uploads\/2016\/05\/Emo_Packshot_Foundation_2015_Internet-187x240.jpg 187w\" sizes=\"(max-width: 233px) 100vw, 233px\" \/><img decoding=\"async\" loading=\"lazy\" class=\"size-full wp-image-196 alignnone\" src=\"http:\/\/www.kosmetika-pedikura.cz\/kosmetika\/wp-content\/uploads\/2016\/05\/Gesichtspflege_Gruppe.jpg\" alt=\"Dr. Hauschka Skin Care; Dr. Hauschka Kosmetik\" width=\"299\" height=\"225\" \/><\/p>\n<h4>\u00a0<\/h4>\n<h4>\u00a0<\/h4>\n<h4>Kosmetick\u00e9 o\u0161et\u0159en\u00ed Dr. Hauschka<\/h4>\n<p><strong>Kosmetick\u00e9 o\u0161et\u0159en\u00ed<\/strong> za\u010d\u00edn\u00e1 vo\u0148avou koupel\u00ed nohou. Stres dne se rozpust\u00ed.<img decoding=\"async\" loading=\"lazy\" class=\"size-full wp-image-81 alignright\" src=\"http:\/\/www.kosmetika-pedikura.cz\/kosmetika\/wp-content\/uploads\/2016\/02\/lymp.jpg\" alt=\"Dr. Hauschka Skin Care; Dr. Hauschka Kosmetik\" width=\"299\" height=\"225\" \/><\/p>\n<p>Srdcem o\u0161et\u0159en\u00ed je <strong>lymfatick\u00e1 stimulace<\/strong>, prov\u00e1d\u011bn\u00e1 jemn\u00fdmi tahy \u0161t\u011btce a dlan\u00ed, kter\u00e1 stimuluje regeneraci.\u00a0 Povzbuzuje procesy proud\u011bn\u00ed lymfy v tk\u00e1n\u00edch na\u0161eho t\u011bla, a ty stimuluj\u00ed regeneraci a ozdravn\u00e9 procesy t\u011bla. Odbour\u00e1vaj\u00ed se \u0161kodliv\u00e9 l\u00e1tky, pom\u00e1haj\u00ed se vylu\u010dovat, a t\u00edm posiluj\u00ed imunitn\u00ed syst\u00e9m.<\/p>\n<p><strong>Klasick\u00e9 o\u0161et\u0159en\u00ed<\/strong> vede k hlubok\u00e9mu uvoln\u011bn\u00ed a zanech\u00e1v\u00e1 pocit celistv\u00e9ho proud\u011bn\u00ed v na\u0161em t\u011ble, pocit sv\u011btla, jasu a vnit\u0159n\u00ed rovnov\u00e1hy.<\/p>\n<h4>O\u0161et\u0159en\u00ed Dr. Hauschka:<\/h4>\n<p><strong>Klasick\u00e9 o\u0161et\u0159en\u00ed Dr. Hauschka<\/strong><br \/>doba o\u0161et\u0159en\u00ed: cca 120 min. (dle stavu pleti a barven\u00ed \u0159as a obo\u010d\u00ed)<br \/>cena: 2.000,-K\u010d<br \/>Celostn\u00ed o\u0161et\u0159en\u00ed za\u010d\u00edn\u00e1 \u0161alv\u011bjovou koupel\u00ed nohou a jejich jemnou mas\u00e1\u017e\u00ed. N\u00e1sleduje uvoln\u011bn\u00ed krku a ramen, prota\u017een\u00ed pa\u017e\u00ed, mas\u00e1\u017e pa\u017e\u00ed. D\u00e1le pokra\u010duje odl\u00ed\u010den\u00edm\u00a0 a \u010di\u0161t\u011bn\u00edm pleti, aromakompresemi, nap\u00e1\u0159kou, hlubok\u00fdm \u010di\u0161t\u011bn\u00edm a \u010dist\u00edc\u00ed maskou. N\u00e1sleduje lymfatick\u00e1 stimulace, aplikace k\u016fry a masky, mas\u00e1\u017e dekoltu. Procedura je zakon\u010dena denn\u00ed p\u00e9\u010d\u00ed a lehk\u00fdm prota\u017een\u00edm nohou.<\/p>\n<p><strong>Expres o\u0161et\u0159en\u00ed Dr. Hauschka<\/strong><br \/>doba o\u0161et\u0159en\u00ed: cca 60 min. (dle stavu pleti a barven\u00ed \u0159as a obo\u010d\u00ed)<img decoding=\"async\" loading=\"lazy\" class=\"wp-image-80 alignright\" src=\"http:\/\/www.kosmetika-pedikura.cz\/kosmetika\/wp-content\/uploads\/2016\/02\/lahvicky.jpg\" width=\"200\" height=\"177\" \/><br \/>cena: 1.350,-K\u010d<br \/>Koupel nohou, uvoln\u011bn\u00ed krku a \u0161\u00edje. Odl\u00ed\u010den\u00ed, nap\u00e1\u0159ka, hlubok\u00e9 \u010di\u0161t\u011bn\u00ed, j\u00edlov\u00e1 maska, lymfatick\u00e1 stimulace, k\u016fra a denn\u00ed p\u00e9\u010de.<\/p>\n<p><strong>Relaxa\u010dn\u00ed o\u0161et\u0159en\u00ed Dr. Hauschka<\/strong><br \/>doba o\u0161et\u0159en\u00ed: cca 90 min. (dle stavu pleti a barven\u00ed \u0159as a obo\u010d\u00ed)<br \/>cena: 1.750,-K\u010d<br \/>D\u016fraz je kladen na celkov\u00e9 uvoln\u011bn\u00ed a relaxaci.<\/p>\n<h4>Certifik\u00e1t<\/h4>\n<p><a href=\"http:\/\/www.kosmetika-pedikura.cz\/kosmetika\/wp-content\/uploads\/2016\/05\/certifikat_hauschka.jpg\" target=\"blank\" rel=\"noopener noreferrer\"><img decoding=\"async\" loading=\"lazy\" class=\"alignnone size-medium wp-image-200\" src=\"http:\/\/www.kosmetika-pedikura.cz\/kosmetika\/wp-content\/uploads\/2016\/05\/certifikat_hauschka-225x300.jpg\" alt=\"certifikat_hauschka\" width=\"225\" height=\"300\" srcset=\"http:\/\/www.kosmetika-pedikura.cz\/kosmetika\/wp-content\/uploads\/2016\/05\/certifikat_hauschka-225x300.jpg 225w, http:\/\/www.kosmetika-pedikura.cz\/kosmetika\/wp-content\/uploads\/2016\/05\/certifikat_hauschka-768x1024.jpg 768w, http:\/\/www.kosmetika-pedikura.cz\/kosmetika\/wp-content\/uploads\/2016\/05\/certifikat_hauschka-180x240.jpg 180w, http:\/\/www.kosmetika-pedikura.cz\/kosmetika\/wp-content\/uploads\/2016\/05\/certifikat_hauschka.jpg 960w\" sizes=\"(max-width: 225px) 100vw, 225px\" \/><\/a><a href=\"http:\/\/www.kosmetika-pedikura.cz\/kosmetika\/wp-content\/uploads\/2016\/05\/stolecek_hauschka.jpg\" target=\"blank\" rel=\"noopener noreferrer\">\u00a0<img decoding=\"async\" loading=\"lazy\" class=\"alignnone size-medium wp-image-201\" src=\"http:\/\/www.kosmetika-pedikura.cz\/kosmetika\/wp-content\/uploads\/2016\/05\/stolecek_hauschka-225x300.jpg\" alt=\"\" width=\"225\" height=\"300\" srcset=\"http:\/\/www.kosmetika-pedikura.cz\/kosmetika\/wp-content\/uploads\/2016\/05\/stolecek_hauschka-225x300.jpg 225w, http:\/\/www.kosmetika-pedikura.cz\/kosmetika\/wp-content\/uploads\/2016\/05\/stolecek_hauschka-768x1024.jpg 768w, http:\/\/www.kosmetika-pedikura.cz\/kosmetika\/wp-content\/uploads\/2016\/05\/stolecek_hauschka-180x240.jpg 180w, http:\/\/www.kosmetika-pedikura.cz\/kosmetika\/wp-content\/uploads\/2016\/05\/stolecek_hauschka.jpg 960w\" sizes=\"(max-width: 225px) 100vw, 225px\" \/><\/a><\/p>\n<p><em>V\u0161echny p\u0159\u00edpravky Dr. Hauschka jsou certifikov\u00e1ny.<\/em><\/p>\n<p><a href=\"http:\/\/www.bdih.cz\/\" target=\"_blank\" rel=\"noopener noreferrer\"><img decoding=\"async\" loading=\"lazy\" class=\"alignnone wp-image-66\" src=\"http:\/\/www.kosmetika-pedikura.cz\/kosmetika\/wp-content\/uploads\/2016\/02\/bdih.jpg\" alt=\"bdih\" width=\"75\" height=\"75\" srcset=\"http:\/\/www.kosmetika-pedikura.cz\/kosmetika\/wp-content\/uploads\/2016\/02\/bdih.jpg 200w, http:\/\/www.kosmetika-pedikura.cz\/kosmetika\/wp-content\/uploads\/2016\/02\/bdih-150x150.jpg 150w\" sizes=\"(max-width: 75px) 100vw, 75px\" \/><\/a> <a href=\"http:\/\/www.natrue.cz\/\" target=\"_blank\" rel=\"noopener noreferrer\"><img decoding=\"async\" loading=\"lazy\" class=\"alignnone wp-image-67\" src=\"http:\/\/www.kosmetika-pedikura.cz\/kosmetika\/wp-content\/uploads\/2016\/02\/natrue.jpg\" alt=\"natrue\" width=\"75\" height=\"75\" srcset=\"http:\/\/www.kosmetika-pedikura.cz\/kosmetika\/wp-content\/uploads\/2016\/02\/natrue.jpg 200w, http:\/\/www.kosmetika-pedikura.cz\/kosmetika\/wp-content\/uploads\/2016\/02\/natrue-150x150.jpg 150w\" sizes=\"(max-width: 75px) 100vw, 75px\" \/><\/a><\/p>\n<p><a href=\"http:\/\/www.drhauschka.cz\" target=\"_blank\" rel=\"noopener noreferrer\">Ofici\u00e1ln\u00ed webov\u00e9 str\u00e1nky Dr. Hauschka<\/a><\/p>\n<h2><img decoding=\"async\" loading=\"lazy\" class=\"wp-image-72 alignright\" src=\"http:\/\/www.kosmetika-pedikura.cz\/kosmetika\/wp-content\/uploads\/2016\/02\/janssen_logo.jpg\" alt=\"janssen_logo\" width=\"200\" height=\"75\" \/><\/h2>\n<h2>Janssen Cosmetics<\/h2>\n<p>N\u011bmeck\u00e1 p\u011bst\u00edc\u00ed kosmetika pou\u017e\u00edv\u00e1 vysoce \u00fa\u010dinn\u00e9 aktivn\u00ed l\u00e1tky a v\u011bdecky ov\u011b\u0159en\u00e9 materi\u00e1ly. Najdete zde certifikovanou organickou kosmetiku, ale i vysoce efektivn\u00ed p\u00e9\u010di o ple\u0165 t\u0159\u00eddy cosmeceutical. Cosmeceutical nefunguje v\u00fdhradn\u011b na povrchu k\u016f\u017ee, ale zasahuje i do hlub\u0161\u00edch vrstev.<\/p>\n<h4>Z\u00e1kladn\u00ed \u0159ady:<\/h4>\n<p><strong>Dry skin<\/strong> &#8211; pro ple\u0165, kter\u00e1 pot\u0159ebuje dostatek vlhkosti, aby byla hladk\u00e1 a pru\u017en\u00e1<br \/><strong>Sensitive skin<\/strong> &#8211; \u0159ada bez konzerva\u010dn\u00edch l\u00e1tek a parfemace, posiluje a uklid\u0148uje citlivou ple\u0165<br \/><strong>Oily skin<\/strong> &#8211; \u0159ada okam\u017eit\u00e1 pomoc proti nadm\u011brn\u00e9 tvorb\u011b mazu, projas\u0148uje, uklid\u0148uje<br \/><strong>Combination skin<\/strong> &#8211; vyva\u017euj\u00edc\u00ed \u0159ada pro sm\u00ed\u0161enou ple\u0165<br \/><strong>Fair skin<\/strong> &#8211; zesv\u011btlen\u00ed pleti<\/p>\n<h4>Anti aging \u0159ady:<img decoding=\"async\" loading=\"lazy\" class=\"alignright wp-image-78\" src=\"http:\/\/www.kosmetika-pedikura.cz\/kosmetika\/wp-content\/uploads\/2016\/02\/janssen1-288x300.jpg\" alt=\"janssen1\" width=\"250\" height=\"261\" srcset=\"http:\/\/www.kosmetika-pedikura.cz\/kosmetika\/wp-content\/uploads\/2016\/02\/janssen1-288x300.jpg 288w, http:\/\/www.kosmetika-pedikura.cz\/kosmetika\/wp-content\/uploads\/2016\/02\/janssen1.jpg 300w\" sizes=\"(max-width: 250px) 100vw, 250px\" \/><\/h4>\n<p><strong>Demanding skin<\/strong> &#8211; n\u00e1ro\u010dn\u00e1 poko\u017eka, p\u016fsob\u00ed na prvn\u00ed vr\u00e1sky, siln\u011b vitalizuj\u00edc\u00ed p\u00e9\u010de<\/p>\n<p>M<strong>ature skin <\/strong>&#8211; p\u016fsob\u00ed na ple\u0165 zat\u00ed\u017eenou hormon\u00e1ln\u00edmi zm\u011bnami, obnovuje sv\u011b\u017eest a s\u00edlu pleti<\/p>\n<p><strong>Trend edition skin contour (kr\u00e9mov\u00fd skalpel)<\/strong> &#8211; pro dlouhotrvaj\u00edc\u00ed ml\u00e1d\u00ed, zpev\u0148uje kontury obli\u010deje a d\u00e1v\u00e1 pleti r\u016f\u017eov\u00fd odst\u00edn<\/p>\n<p><strong>Platinum Care<\/strong> &#8211; anti-aging koncept na v\u011bdecky nejvy\u0161\u0161\u00ed \u00farovni s platinou<\/p>\n<p><a href=\"http:\/\/www.janssen-beauty.cz\/galerie\/zobrazit\/\" target=\"_blank\" rel=\"noopener noreferrer\"> Z\u00edskan\u00e9 certifik\u00e1ty firmy <\/a><\/p>\n<p><a href=\"http:\/\/www.janssen-beauty.cz\" target=\"_blank\" rel=\"noopener noreferrer\"> Ofici\u00e1ln\u00ed webov\u00e9 str\u00e1nky Janssen Cosmetics <\/a><\/p>\n<h3><span style=\"color: #ff0000;\"><strong>Novinky<\/strong><\/span><\/h3>\n<p><span style=\"color: #ff0000;\"><strong>Marine collagen o\u0161et\u0159en\u00ed<\/strong><span style=\"color: #000000;\"> &#8211; poskytuje znateln\u00fd liftingov\u00fd efekt, zvy\u0161uje hustotu poko\u017eky a jej\u00ed vlhkost d\u00edky mo\u0159sk\u00e9mu kolagenu.<br \/><\/span><\/span><\/p>\n<p><span style=\"color: #ff0000;\"><strong>Neuro skin balm<\/strong><\/span> &#8211; speci\u00e1ln\u00ed, nedr\u00e1\u017ediv\u00e1 p\u00e9\u010de o ple\u0165 n\u00e1chylnou k neurodermatit\u00edd\u011b. Velmi vhodn\u00e9 pro ple\u0165 pod ochrannou rou\u0161kou!<\/p>\n<p><strong><span style=\"color: #ff0000;\">Kavi\u00e1rov\u00e9 luxusn\u00ed o\u0161et\u0159en\u00ed<\/span><\/strong> &#8211; vhodn\u00e9 pro unavenou, p\u0159\u00edli\u0161 zat\u00ed\u017eenou ple\u0165. P\u016fsob\u00ed proti p\u0159ed\u010dasn\u00e9mu st\u00e1rnut\u00ed pleti.<\/p>\n<h3>Nadstandardn\u00ed p\u00e9\u010de<\/h3>\n<p>Pro n\u00e1ro\u010dn\u00e9 z\u00e1kaznice jsou p\u0159ipraveny kolagenov\u00e9 masky, matrigel, pr\u00e1\u0161kov\u00e9 masky, thermo peel masky a velk\u00e9 mno\u017estv\u00ed koncentr\u00e1t\u016f.<\/p>\n<h3>Velice obl\u00edben\u00e9 produkty <img decoding=\"async\" loading=\"lazy\" class=\"size-medium wp-image-79 alignright\" src=\"http:\/\/www.kosmetika-pedikura.cz\/kosmetika\/wp-content\/uploads\/2016\/02\/janssen2-251x300.jpg\" alt=\"janssen2\" width=\"251\" height=\"300\" srcset=\"http:\/\/www.kosmetika-pedikura.cz\/kosmetika\/wp-content\/uploads\/2016\/02\/janssen2-251x300.jpg 251w, http:\/\/www.kosmetika-pedikura.cz\/kosmetika\/wp-content\/uploads\/2016\/02\/janssen2.jpg 280w\" sizes=\"(max-width: 251px) 100vw, 251px\" \/><\/h3>\n<p>1. Probiotics anti-pollution cream- ochrann\u00fd kr\u00e9m<br \/>2. Clarifying Cream Gel &#8211; reguluje \u010dinnost mazov\u00fdch \u017el\u00e1z<br \/>3. Vitaforce C Cream &#8211; projasn\u011bn\u00ed pleti a zjemn\u011bn\u00ed vr\u00e1sek<br \/>4. Skin Contour Cream &#8211; kr\u00e9mov\u00fd skalpel<br \/>5. Caviar Luxury Cream &#8211; luxusn\u00ed kavi\u00e1rov\u00fd kr\u00e9m<\/p>\n\n\n<figure class=\"wp-block-gallery has-nested-images columns-default is-cropped wp-block-gallery-1 is-layout-flex\"><\/figure>\n\n\n\n<figure class=\"wp-block-image\"><img alt=\"\"\/><\/figure>\n\n\n\n<figure class=\"wp-block-image\"><img alt=\"\"\/><\/figure>\n\n\n\n<figure class=\"wp-block-image\"><img alt=\"\"\/><\/figure>\n\n\n\n<figure class=\"wp-block-gallery has-nested-images columns-default is-cropped wp-block-gallery-3 is-layout-flex\"><\/figure>\n\n\n\n<figure class=\"wp-block-gallery has-nested-images columns-default is-cropped wp-block-gallery-5 is-layout-flex\"><\/figure>\n\n\n\n<figure class=\"wp-block-gallery has-nested-images columns-default is-cropped wp-block-gallery-7 is-layout-flex\"><\/figure>\n\n\n\n<figure class=\"wp-block-image\"><img alt=\"\"\/><\/figure>\n","protected":false},"excerpt":{"rendered":"<p>Barvou roku 2026 je Cloud Dancer- jemn\u00fd, vzdu\u0161n\u00fd odst\u00edn b\u00edl\u00e9. Tento odst\u00edn je symbol klidu, jasnosti a nov\u00fdch za\u010d\u00e1tk\u016f. Co \u0161kod\u00ed k\u016f\u017ei nejv\u00edce? Kosmetick\u00e9 o\u0161et\u0159en\u00ed pleti &#8211; Hradec Kr\u00e1lov\u00e9 Dejte sv\u00e9 \u017e\u00edzniv\u00e9 pleti pot\u0159ebnou hydrataci, unaven\u00e9 poko\u017ece kysl\u00edk a nastartujte p\u0159irozenou funkci obnovy poko\u017eky,\u00a0 a t\u00edm zlep\u0161\u00edte jej\u00ed elasticitu. Poko\u017eka je vl\u00e1\u010dn\u011bj\u0161\u00ed a hedv\u00e1bn\u011b jemn\u00e1. <a href=\"http:\/\/www.kosmetika-pedikura.cz\/kosmetika\/\" class=\"more-link\">[&hellip;]<\/a><\/p>\n","protected":false},"author":1,"featured_media":0,"parent":0,"menu_order":0,"comment_status":"closed","ping_status":"closed","template":"","meta":[],"_links":{"self":[{"href":"http:\/\/www.kosmetika-pedikura.cz\/kosmetika\/wp-json\/wp\/v2\/pages\/53"}],"collection":[{"href":"http:\/\/www.kosmetika-pedikura.cz\/kosmetika\/wp-json\/wp\/v2\/pages"}],"about":[{"href":"http:\/\/www.kosmetika-pedikura.cz\/kosmetika\/wp-json\/wp\/v2\/types\/page"}],"author":[{"embeddable":true,"href":"http:\/\/www.kosmetika-pedikura.cz\/kosmetika\/wp-json\/wp\/v2\/users\/1"}],"replies":[{"embeddable":true,"href":"http:\/\/www.kosmetika-pedikura.cz\/kosmetika\/wp-json\/wp\/v2\/comments?post=53"}],"version-history":[{"count":66,"href":"http:\/\/www.kosmetika-pedikura.cz\/kosmetika\/wp-json\/wp\/v2\/pages\/53\/revisions"}],"predecessor-version":[{"id":346,"href":"http:\/\/www.kosmetika-pedikura.cz\/kosmetika\/wp-json\/wp\/v2\/pages\/53\/revisions\/346"}],"wp:attachment":[{"href":"http:\/\/www.kosmetika-pedikura.cz\/kosmetika\/wp-json\/wp\/v2\/media?parent=53"}],"curies":[{"name":"wp","href":"https:\/\/api.w.org\/{rel}","templated":true}]}}